uate -12 + -13 + 43 + -11.
7
Calculate (3 - -1) + (-1 - (-2 - -5)).
0
What is the value of (-13 - (-4 - 5)) + (3 - 0)?
-1
What is -26 + 20 + (4 - 1)?
-3
What is the value of 2 + -2 - (13 - 12)?
-1
Evaluate 2 + 3 + 3 + -3.
5
0 - 9 - (-2 - 3)
-4
34 + -35 - (-2 + -5)
6
Calculate -9 - (-6 + -2 + 4).
-5
6 + (-2 - (3 + (3 - 7)))
5
Calculate 2 - (2 - (1 - 1) - 0).
0
What is 3 - ((-7 - -5) + 12) - -2?
-5
Calculate -8 + (0 - -6 - (-2 - -4)).
-4
Evaluate 0 - ((-4 - -9) + -2).
-3
4 + 4 + -7 - (2 - 5)
4
-5 - 1 - (-12 - -5)
1
What is -2 + (-5 - -5) + (5 - 2)?
1
What is 3 - (1 + -3 - (10 - 14))?
1
Calculate (6 - (7 - 17) - 9) + 3.
10
1 - (-3 - (-6 - -3))
1
What is (0 - (2 - 9)) + -5?
2
Calculate -6 - (-11 + 2 + 6).
-3
What is 4 - -2 - 1 - (1 + 0)?
4
Evaluate -19 - -20 - (-2 + 2 + -1).
2
What is (8 - 4) + 4 + -1 + -2?
5
What is (5 - 6) + -1 + -2?
-4
Evaluate 2 + -8 + -7 + 17.
4
Evaluate 0 - -2 - (-1 + 6).
-3
What is -6 - (8 - 12) - -1?
-1
Calculate (7 - (-2 + 8)) + 3.
4
What is the value of 3 - ((-4 - -9) + 2) - -4?
0
Evaluate 2 + -10 + 15 + -10.
-3
Calculate -3 - ((-1 - -5) + -3 + -2).
-2
Evaluate 0 - (-4 - (-4 + 1)).
1
Calculate -12 - -6 - 13 - -11.
-8
What is 0 + 10 - 4 - -5?
11
What is the value of (-16 - -18) + (-1 + 1 - 0)?
2
Evaluate -4 + 6 - 0 - 2.
0
Calculate (3 - 1) + -21 + 22.
3
(0 - 0) + 1 - (-1 + -3)
5
14 + -8 - 4 - (-2 - 2)
6
-14 - (-8 + 7 - 7)
-6
What is (-1 - -2 - 2) + -1 + -3?
-5
Calculate 2 - (-4 - (-2 + -4 + 5)).
5
Evaluate -1 + (-3 - -3) + 0 + -3.
-4
What is -2 - 11 - (-47 + 43)?
-9
What is the value of 36 + -34 + (0 - 0)?
2
What is the value of -10 + (-6 - (-2 + -10))?
-4
Evaluate -3 + (7 - 9) + -4.
-9
-4 + -1 + 3 + (2 - -1)
1
Evaluate -7 - (-3 - (-11 + 12)).
-3
What is the value of 5 + (13 + -13 - (3 + 0))?
2
What is -21 + 21 - (0 + 1 - 1)?
0
-11 + 6 + (-2 - -6)
-1
Calculate (-12 - -3) + -2 + 10.
-1
What is -3 + (9 - 3 - (16 - 10))?
-3
What is 1 + (5 - (4 + 3 + -5))?
4
Evaluate 0 - (-7 + (5 - -1)).
1
Evaluate (7 + -4 + 5 - 3) + -11.
-6
-4 + 2 + 4 - 1 - -1
2
1 - 2 - (-3 - -2)
0
What is 29 + -32 + (3 - 2 - 2)?
-4
Calculate 0 + (2 - -4) + (-6 - -7).
7
Calculate -8 + 4 + (9 - 7).
-2
-3 - (-3 - -1 - 3)
2
Calculate (7 - 4) + -3 - (-4 - -5).
-1
What is -11 + -6 + (7 - -11)?
1
Calculate -5 - ((-20 - -10) + 3).
2
Calculate 10 + -20 + 5 - -4.
-1
-1 - (6 + -2 + 0) - -7
2
Calculate (-7 - (-1 - 2)) + 1 + -2.
-5
Evaluate -10 + 6 + 5 - (3 + 3).
-5
What is 5 + (-3 - (-3 - -3))?
2
2 + -3 - (-4 + 2)
1
What is -3 - 0 - (0 + -4) - 1?
0
What is the value of (-11 - -4) + 6 - 0?
-1
Evaluate 3 - 2 - (-2 + 1 + -2).
4
(1 - 1) + 6 - 7
-1
What is 0 + -5 + 3 + -2 - 0?
-4
Evaluate -6 + 3 + 4 + 0 + -1.
0
7 - ((20 - 10) + -10)
7
Calculate 5 - (4 + (-4 - -12)) - -4.
-3
(-5 - (1 + -2)) + 4
0
(-17 - -8) + (3 - -5)
-1
Calculate (-1 - -4 - 3) + (-16 - -14).
-2
Evaluate -2 + (-3 - (-3 - -4 - 6)).
0
Evaluate 3 - (-1 - -10) - (4 - 7).
-3
What is the value of (-6 - (2 - -1)) + (3 - 0)?
-6
What is the value of -5 + (-2 - -5) - (-17 - -21)?
-6
Evaluate -3 + 3 + (8 - 4) - 0.
4
What is the value of (2 - 17) + -10 + 17 + 6?
-2
Calculate 5 - -1 - 7 - (0 - 4).
3
(200 - 195) + 0 + 1 + -8
-2
Calculate 1 + -2 + -4 + 10.
5
Evaluate 4 - (-5 - -4) - 3.
2
5 - (3 - (-2 + 2))
2
What is the value of -14 - (-10 + 3 - -3)?
-10
Evaluate 1 + 8 + 153 + -161.
1
What is the value of -6 + 1 - (-1 - 17 - -11)?
2
What is -2 + (12 - 13) - -7?
4
Calculate -4 + (5 - 2) - (-7 + 4).
2
-4 + (-2 - 0) + 6 + -1
-1
Calculate (1 - 10) + -74 + 83.
0
What is the value of 107 + -102 - (-1 + 11)?
-5
Evaluate 2 + -3 - (2 + 0).
-3
What is (-21 - -16) + 0 + 10?
5
What is the value of -10 - (8 + -4 + (2 - 9))?
-7
What is (-80 - -76) + (-1 - -8)?
3
What is 0 + -2 - -4 - 4?
-2
What is the value of 4 + -4 + -6 + 2?
-4
(1 + 1 - -1) + (-51 - -47)
-1
What is the value of (5 - (10 - -1)) + 6 + 3?
3
Evaluate (5 - (3 + 7)) + 1.
-4
Calculate 1 - (2 + (5 - -1)).
-7
Calculate 4 - 14 - (2 - 6).
-6
Evaluate (13 - (0 + 5)) + -5.
3
Evaluate 2 + -12 - (-7 + 6 + 1).
-10
What is (6 - 1) + -5 + 2?
2
Evaluate -4 - -7 - (11 + (3 - 11)).
0
6 - (2 + -4 + -1)
9
Calculate -5 + (3 + -4 - -3).
-3
What is the value of 2 - ((2 - 0) + -1 - -1)?
0
What is the value of -47 + 37 + (1 - (1 + -2))?
-8
What is the value of 9 - (7 - -1) - (-1 + -1)?
3
What is 12 - (85 - 87 - (-8 - 1))?
5
Evaluate -4 + 0 + -2 - (12 - 15).
-3
Calculate 10 - 15 - (1 - (-1 - -11)).
4
Calculate -11 - -16 - (2 + 1).
2
(1 - -1) + (4 - (-3 - -9))
0
Evaluate (6 - 4) + (-6 - -1).
-3
What is -2 - (-11 + 3 + 9)?
-3
Calculate -1 + 1 + (-2 - 0 - -3).
1
What is the value of -4 + (6 - -4) + (3 - 7)?
2
(-10 - (-7 - 12)) + -11
-2
What is the value of -4 + -3 - -1 - (3 + 2)?
-11
What is the value of -6 + (0 - -3) - -8?
5
What is 7 - (-3 + 6 + 1 + 1)?
2
-5 + 1 - (-16 - -15) - -8
5
What is -1 + (4 - 2 - (-15 + 14))?
2
What is the value of (-1 + 5 - 1) + 1?
4
What is 7 + -2 + -3 - (0 + -1)?
3
What is (-6 + 5 - -4) + (1 - 4)?
0
What is (-19 - -11 - (-7 + -1)) + -7?
-7
0 + 5 + (-5 - 2)
-2
1 + 6 + 5 + -4 + 1
9
-3 - (0 + -3 - 4) - -4
8
-1 + 7 - (-17 + 18)
5
Calculate (6 - (3 - -2)) + 1 + -2.
0
What is the value of 4 + (6 - (15 + -1))?
-4
6 + -2 - (7 + -9 + 3)
3
What is the value of -3 - (-6 - (1 - -1))?
5
-3 - (-3 - -1) - (2 - 6)
3
6 + -2 + (5 - 4)
5
What is -2 + -11 + (-2 - -17 - 9)?
-7
3 - ((2 - (8 - 1)) + 3)
5
Calculate -31 - -25 - (-1 + -3).
-2
(10 + -1 - 2) + -1 + -2
4
(-1 - 1) + 5 - -2
5
What is the value of -1 - (-9 + 2 - -2)?
4
-4 - (6 + 4 + -15)
1
-7 + (3 - 3 - -15)
8
2 + 1 + (-2 - (11 - 10))
0
Evaluate 5 + -1 + (0 - -1).
5
-1 - -11 - ((15 - 9) + -1)
5
-1 + (0 - 2 - (25 + -32))
4
Calculate -6 - (-3 - -5 - (3 + 2)).
-3
Evaluate -6 - (-9 + (2 - (-6 - -3))).
-2
Evaluate 0 + 0 + -1 + -5 + 3.
-3
Evaluate 1 + 5 + 0 + -2.
4
-4 + 11 + -6 + (-1 - 2)
-2
What is the value of (19 - 20) + (5 - (3 + -3))?
4
0 + 17 + -6 + -6
5
What is -1 + (3 - (10 + -5) - 0)?
-3
Evaluate 2 + (1 - 0) + -1 + 2.
4
(-1 - (4 - 8)) + 0
3
What is the value of 2 + (6 + 0 + -6 - 3)?
-1
Evaluate 9 - (0 - 2 - -9).
2
What is the value of -2 - (-1 + -6 - -7 - -5)?
-7
Evaluate (-28 - -36) + (-2 - 1).
5
What is (-13 - -20) + (2 - 8)?
1
12 + -8 - 6 - 2
-4
Calculate 2 + 4 + -4 + (-2 - -4).
4
-5 - ((3 - -5) + -12)
-1
Evaluate -4 + (-4 + (-3 - -3) - -5).
-3
-6 + (3 - -3) + (1 - 3)
-2
What is 7 - (-1 + (7 - 4))?
5
What is 1 + 4 + -3 + 1?
3
Evaluate -35 + 33 + (-2 + 5 - -4).
5
What is (-57 - -61) + 2 + -2?
4
What is the value of 1 + 7 + 138 + -148?
-2
(-8 - -8) + -11 - -8
-3
What is the value of 20 + -21 + -3 + 8?
4
Calculate (-1 - 3) + -4 - -9.
1
Calculate -10 + 7 - (3 + -2).
-4
Evaluate 3 - (-1 + -1 - (3 - 4)).
4
Evaluate (77 - 76) + (2 - 3).
0
What is the value of 0 + 0 + 3 + -3?
0
What is 6 + (14 - 30) + (3 - 2)?
-9
-5 - (5 + (-9 - (6 - 6)))
-1
What is -35 + 32 - (3 - 1) - -1?
-4
Evaluate -88 + 78 + (-1 - -8).
-3
Calculate 11 + (1 + 0 - (9 - 3)).
6
Evaluate (0 - -2) + 4 + -7.
-1
Evaluate -6 - (-4 + 4 - 6).
0
What is 5 - (3 + 1 + 4 + -8)?
5
What is the value of -2 - (-1 + 1 - 1) - -3?
2
Evaluate -4 + -5 + (7 - (0 + 0)).
-2
Calculate 6 + -11 + 3 + -7 - -5.
-4
Evaluate 34 - 12 - (14 + -1).
9
What is the value of (48 - 41) + 0 + -2?
5
What is 0 + (-2 + -3 - (-1 - 1))?
-3
Evaluate 0 + -1 + -1 + (-2 - -2).
-2
What is the value of 25 + -27 - (-1 - (-1 - -1))?
-1
-2 + (-3 + 2 - -6 - 3)
0
8 + (0 - (6 + -2))
4
2 + -2 + (-4 - -1) + 3
0
What is (-4 - -3) + (5 - (-1 + 7))?
-2
0 - (-5 - -6 - (-1 + 2))
0
Evaluate -1 + 2 + (34 - 28) - 1.
6
What is the value of (0 + 2 - (3 + -6)) + 0?
5
-16 + -7 + 11 - -6
-6
Evaluate 5 - ((6 - 3) + -3).
5
Calculate (1 - 2) + 1 + (37 - 41).
-4
Calculate (-1 - -3 - (-3 - -4)) + -3.
-2
0 - -1 - (4 + -8)
5
What is 5 + (-3 - (4 - 1))?
-1
What is (-12 - -2) + (-7 - 0 - -11)?
-6
Calculate 2 + 0 + 4 + -2.
4
Calculate -4 + (-5 + 6 + -3 - -13).
7
Evaluate 3 + 5 - (-16 - -20).
4
Calculate 2 - (1 - (4 - 2)).
3
What is 0 + -4 + (9 - 5) + 4?
4
What is the value of -2 + 3 + 2 + 7 + -5?
5
What is (5 - 8) + (0 - -1)?
-2
Evaluate 0 - -4 - (-4 + 8).
0
What is the value of -1 - (0 - (3 + -3)) - -1?
0
What is 5 + (10 - (11 - 1))?
5
Evaluate -3 + (-1 - (4 - 8)) - -2.
2
What is the value of -4 - (6 + -12) - (-2 - -5)?
-1
Evaluate 6 + -4 + -1 + 1 + -1.
1
Calculate -2 - (-5 - 1) - (1 + 1).
2
Calculate 7 + 1 - (12 - 8).
4
Evaluate -7 - (2 - (4